e number?
True
Is 13261394371 prime?
True
Is 1511192951 a prime number?
False
Is 46176552629 prime?
True
Is 144896979353 composite?
True
Is 348589889 prime?
False
Is 5001324737 a prime number?
False
Is 14963830499 a composite number?
True
Is 213173365 composite?
True
Is 361876901 a composite number?
True
Is 638839093 composite?
False
Is 206804737 a prime number?
False
Is 942072719 composite?
True
Is 550738291 a prime number?
False
Is 3983504471 prime?
False
Is 1586798627 a composite number?
False
Is 234466963 a prime number?
True
Is 351756142 prime?
False
Is 48039762523 a prime number?
True
Is 54094530593 prime?
False
Is 23088680081 composite?
True
Is 21271241293 a composite number?
False
Is 1155306751 composite?
False
Is 7925612062 a prime number?
False
Is 1478714693 composite?
True
Is 21667746299 a composite number?
False
Is 4638506057 a prime number?
False
Is 2413523557 a composite number?
True
Is 2147673209 a composite number?
True
Is 54964667057 prime?
False
Is 19574720707 composite?
True
Is 1039192967 composite?
False
Is 6622191515 composite?
True
Is 546457267 a composite number?
True
Is 914415787 composite?
False
Is 1359912343 composite?
False
Is 1720924687 composite?
False
Is 2235088469 a composite number?
True
Is 12012687259 a composite number?
True
Is 144464210837 a composite number?
True
Is 5402139731 prime?
True
Is 5180176681 a composite number?
False
Is 9276810817 composite?
False
Is 5614420573 composite?
False
Is 309635273 a prime number?
True
Is 31954219499 a composite number?
True
Is 69544780823 a composite number?
True
Is 54795660097 composite?
False
Is 49038341663 a prime number?
False
Is 2844150829 a prime number?
False
Is 191796757943 a composite number?
True
Is 4305120709 a prime number?
False
Is 23141059 a prime number?
False
Is 106514891653 composite?
True
Is 453279209 composite?
True
Is 5347820635 composite?
True
Is 2926000151 a composite number?
False
Is 15780218351 prime?
True
Is 12474568783 prime?
True
Is 1001463553 composite?
False
Is 29745719 a composite number?
False
Is 58203522233 a composite number?
True
Is 499218199 prime?
True
Is 1412527601 a composite number?
False
Is 586109491 a prime number?
False
Is 62910365123 composite?
False
Is 7105168799 composite?
True
Is 2182661185 composite?
True
Is 819588779 a prime number?
True
Is 1061595331 a prime number?
False
Is 3151769487 composite?
True
Is 88423552961 composite?
True
Is 68356159969 a composite number?
True
Is 112848487 composite?
True
Is 3307323163 a prime number?
True
Is 32379229 prime?
True
Is 748677443 prime?
False
Is 2692860289 composite?
True
Is 14171480123 prime?
False
Is 21405682733 a prime number?
False
Is 1846505909 prime?
True
Is 2125409579 composite?
False
Is 3654902099 a composite number?
False
Is 175441792303 prime?
True
Is 223901581 a prime number?
True
Is 276817 a composite number?
False
Is 849817051 composite?
False
Is 518156081 prime?
True
Is 1127370617 a prime number?
True
Is 386464821 prime?
False
Is 307272937 composite?
True
Is 47353699 a prime number?
True
Is 1679846523 composite?
True
Is 981757685 a prime number?
False
Is 641710681 a prime number?
True
Is 18421744669 a composite number?
False
Is 8160153161 composite?
False
Is 46182180061 a prime number?
False
Is 220576140017 a composite number?
False
Is 2938473017 composite?
False
Is 61028207971 a composite number?
True
Is 3013282271 composite?
False
Is 1203760934 prime?
False
Is 14134215239 composite?
False
Is 1562484981 a composite number?
True
Is 3134109211 a composite number?
True
Is 57031625437 prime?
True
Is 2285534473 a composite number?
False
Is 44689399 prime?
True
Is 2231963131 composite?
False
Is 5154823565 composite?
True
Is 211616387 a composite number?
False
Is 66484412143 a composite number?
False
Is 8666532326 prime?
False
Is 530376987319 a prime number?
True
Is 736803959 composite?
False
Is 1607422337 a prime number?
True
Is 171374429 prime?
True
Is 11823776771 composite?
False
Is 2129226989 a composite number?
True
Is 27690216407 composite?
True
Is 39560825593 a composite number?
True
Is 11939042663 composite?
False
Is 95002957151 composite?
True
Is 339999931255 prime?
False
Is 20352968309 a composite number?
False
Is 57944748431 composite?
True
Is 626500829 composite?
True
Is 3891679843 prime?
True
Is 1625128563 a prime number?
False
Is 141141843553 a composite number?
True
Is 541824277 prime?
True
Is 852538573 a prime number?
False
Is 40824269293 prime?
True
Is 2566022759 prime?
False
Is 1989824021 prime?
True
Is 6532085167 a prime number?
True
Is 47281807 composite?
False
Is 602668483 a prime number?
True
Is 9087079069 a prime number?
True
Is 567035947 composite?
False
Is 13983399109 composite?
True
Is 4138825445 a composite number?
True
Is 442623593 a composite number?
False
Is 176649391 a prime number?
True
Is 1098300911 composite?
False
Is 2832718583 composite?
False
Is 7695986443 a prime number?
True
Is 918669761 prime?
True
Is 173806443647 composite?
True
Is 132751319 composite?
False
Is 85109593165 composite?
True
Is 1208541641 prime?
False
Is 6883175357 a composite number?
False
Is 8896417445 prime?
False
Is 27945408089 prime?
False
Is 109885939099 a composite number?
False
Is 970664921 a composite number?
False
Is 679899349 a composite number?
False
Is 1476689443 a composite number?
True
Is 1585892851 a composite number?
True
Is 317214383 composite?
True
Is 64094571251 prime?
False
Is 15193434281 a prime number?
True
Is 782789549 a prime number?
True
Is 24154341383 composite?
False
Is 72681353723 prime?
False
Is 192339689 a composite number?
False
Is 168188287 a prime number?
False
Is 1985179789 a prime number?
True
Is 20861964269 prime?
True
Is 2285088397 prime?
True
Is 16496475755 a prime number?
False
Is 451158877 a prime number?
False
Is 3227633993 prime?
False
Is 184400387 a prime number?
True
Is 6251996107 a composite number?
True
Is 720476197 prime?
False
Is 565518773 composite?
True
Is 81196187273 prime?
False
Is 50376659971 a prime number?
False
Is 1499069743 prime?
False
Is 7598443379 prime?
True
Is 1427859327 a prime number?
False
Is 1464842591 a composite number?
True
Is 2848944953 a prime number?
False
Is 2815184903 a prime number?
True
Is 10469678377 a prime number?
False
Is 186669340591 prime?
True
Is 9740179 prime?
False
Is 262322047021 prime?
True
Is 2751072739 composite?
True
Is 292908331 a composite number?
False
Is 841483853 composite?
True
Is 124274369 a composite number?
True
Is 11011288417 a prime number?
True
Is 13998051979 a prime number?
True
Is 16057285903 composite?
False
Is 69620041067 a prime number?
False
Is 1623225463 a prime number?
False
Is 75547127693 composite?
True
Is 5829939457 a prime number?
False
Is 1320682633 composite?
False
Is 17516806529 a composite number?
False
Is 895643803 prime?
False
Is 5335197485 prime?
False
Is 1982218801 composite?
True
Is 551592427 a prime number?
True
Is 48029772691 a composite number?
False
Is 8834068871 composite?
True
Is 16351617133 a composite number?
False
Is 149475593 composite?
True
Is 30747258853 composite?
True
Is 1634488313 prime?
True
Is 1357127071 prime?
False
Is 208135715803 prime?
True
Is 52914571 a composite number?
False
Is 18866310293 a composite number?
False
Is 50922389786 a composite number?
True
Is 42267349277 a prime number?
True
Is 2080240817 a composite number?
True
Is 1890669029 prime?
True
Is 993301583 composite?
True
Is 3481035629 composite?
False
Is 7458746081 prime?
True
Is 132744481 a composite number?
False
Is 214070993 a composite number?
False
Is 10090802747 composite?
True
Is 3172444501 composite?
True
Is 42401172533 a composite number?
True
Is 8916574963 prime?
True
Is 332129047 a prime number?
True
Is 5607582907 prime?
True
Is 51504152881 composite?
False
Is 10424088481 a composite number?
False
Is 147938149 a composite number?
True
Is 8483536553 prime?
True
Is 21208949483 composite?
True
Is 7296447701 a prime number?
True
Is 2514862967 prime?
True
Is 19555602067 a composite number?
False
Is 1257680311 a prime number?
True
Is 55896052829 prime?
True
Is 21278893 a prime number?
False
Is 26729800777 prime?
False
Is 22964678861 composite?
True
Is 38386995799 composite?
True
Is 4457266841 a prime number?
True
Is 11178756287 a prime number?
True
Is 154